12
In base 9, what is -2 - -25?
23
In base 4, what is 1 - -101301?
101302
In base 12, what is 6176 + -5?
6171
In base 7, what is 2645 - 0?
2645
In base 11, what is 15 + 408?
422
In base 4, what is -200 + -1130?
-1330
In base 8, what is 5 - 115?
-110
In base 11, what is 65 - -5?
6a
In base 6, what is -3 + -2332?
-2335
In base 11, what is -1634 - -3?
-1631
In base 11, what is 5 - -59?
63
In base 16, what is -8f3 + -1?
-8f4
In base 5, what is 14304 + 1?
14310
In base 12, what is -9 - 63?
-70
In base 8, what is 2 + -4336?
-4334
In base 14, what is -2700 + -5?
-2705
In base 2, what is -10010 + -1001111011?
-1010001101
In base 15, what is -90 - 4?
-94
In base 6, what is -23 - 140?
-203
In base 15, what is -b57 - 4?
-b5b
In base 15, what is -4 - -30?
2b
In base 16, what is 4 + -265?
-261
In base 5, what is -2 - 3144?
-3201
In base 5, what is -21343 - 4?
-21402
In base 8, what is -27 + 3?
-24
In base 5, what is -11113 - -12?
-11101
In base 13, what is -28 - c?
-37
In base 12, what is 1 + 21?
22
In base 14, what is -7 - -3?
-4
In base 11, what is -5 - -612?
608
In base 6, what is -30 + -30?
-100
In base 3, what is -11 - 0?
-11
In base 11, what is 8741 + 0?
8741
In base 2, what is 1000110 + 101?
1001011
In base 16, what is -1 - -126?
125
In base 13, what is -24 - -3?
-21
In base 14, what is 4 + -c9?
-c5
In base 6, what is -1 - -251?
250
In base 4, what is -11 + 2022?
2011
In base 10, what is -3611 + 1?
-3610
In base 12, what is -10 + 44?
34
In base 4, what is 233 - -13?
312
In base 13, what is -1 + -87?
-88
In base 16, what is 7 + -9?
-2
In base 2, what is 100 + 1001011?
1001111
In base 8, what is -1 - 135?
-136
In base 9, what is -28 - 125?
-154
In base 6, what is 5343 + 4?
5351
In base 15, what is 3e9 + 1?
3ea
In base 7, what is 43 + 210?
253
In base 10, what is 12 - 176?
-164
In base 2, what is -100 - -100001001?
100000101
In base 7, what is -3 + -53?
-56
In base 9, what is -4 + -201?
-205
In base 7, what is 1 + 1146?
1150
In base 2, what is 11100010 - -100?
11100110
In base 12, what is 4 + -46?
-42
In base 16, what is -5 + -30?
-35
In base 2, what is -101010 + 10?
-101000
In base 15, what is -a - 18?
-23
In base 2, what is 101 - 100000?
-11011
In base 14, what is -13b + -4?
-141
In base 6, what is 225 + -4?
221
In base 3, what is -12 - -1210?
1121
In base 2, what is -11011 - 10110?
-110001
In base 12, what is 50 + -102?
-72
In base 12, what is -36 + -11?
-47
In base 7, what is -3 + 4245?
4242
In base 11, what is -5 - 30a?
-314
In base 12, what is -139 + 7?
-132
In base 14, what is 0 - 11b3?
-11b3
In base 4, what is -2223 + -13?
-2302
In base 7, what is 1002 + -1?
1001
In base 13, what is 594 - 3?
591
In base 5, what is -14 + 12?
-2
In base 10, what is -6 + 205?
199
In base 2, what is 0 + -101001?
-101001
In base 15, what is -7 + 2e?
27
In base 11, what is 9 + 517?
525
In base 13, what is -3 - 17?
-1a
In base 14, what is -33 - -5?
-2c
In base 12, what is 1 + -6b?
-6a
In base 10, what is -4 + -373?
-377
In base 3, what is -1022201 - -202?
-1021222
In base 7, what is 6 - 601?
-562
In base 16, what is -12 + 2?
-10
In base 13, what is 1 + -31?
-30
In base 9, what is 128 - -3?
132
In base 15, what is -121 + c?
-114
In base 14, what is -4 - a?
-10
In base 7, what is 32130 - 5?
32122
In base 16, what is -3 + -7f?
-82
In base 2, what is -100111001000 + -11?
-100111001011
In base 8, what is -210 - -5?
-203
In base 5, what is 0 - 1132?
-1132
In base 3, what is -1 + 1100?
1022
In base 12, what is -11a + -11?
-12b
In base 9, what is 206 + 2?
208
In base 12, what is -4 + -698?
-6a0
In base 5, what is 403 - 0?
403
In base 9, what is -5870 - 1?
-5871
In base 5, what is 1 - 322?
-321
In base 15, what is e8 - -7?
100
In base 12, what is 3 - -3?
6
In base 5, what is 13 + 102?
120
In base 16, what is 1 + 17?
18
In base 5, what is 4 - -43034?
43043
In base 7, what is 1 + 251?
252
In base 16, what is -4 - 95?
-99
In base 10, what is -3 - 1?
-4
In base 10, what is -5 + 54?
49
In base 10, what is -1517 - -2?
-1515
In base 3, what is 1 + -120111?
-120110
In base 13, what is 11 + 293?
2a4
In base 8, what is 40 - 317?
-257
In base 14, what is 119 - 13?
106
In base 9, what is 3718 - -3?
3722
In base 3, what is -20120 - -12?
-20101
In base 6, what is 3 + 152?
155
In base 4, what is -33 + 120?
21
In base 12, what is 8a - 18?
72
In base 4, what is 10100322 - 10?
10100312
In base 6, what is 3102 + 4?
3110
In base 7, what is 252 - -40?
322
In base 15, what is 16b2 - -3?
16b5
In base 16, what is -62 - 4?
-66
In base 9, what is -385 + 6?
-378
In base 14, what is -5 - -116?
111
In base 6, what is 3 - -430?
433
In base 11, what is -15 - 11?
-26
In base 14, what is 4 - 204?
-200
In base 4, what is -1020 - -3?
-1011
In base 8, what is -26 - 10?
-36
In base 13, what is -1 + 20?
1c
In base 7, what is 4 - 5622?
-5615
In base 9, what is -614 - -2?
-612
In base 2, what is -10 + -1001100?
-1001110
In base 10, what is 1 - -395?
396
In base 5, what is 4 + -2314?
-2310
In base 7, what is 2 + 144?
146
In base 15, what is 1c53 - 0?
1c53
In base 12, what is 16b - -3?
172
In base 16, what is -3ba + -5?
-3bf
In base 4, what is -10120 - 1?
-10121
In base 4, what is -302000 + 11?
-301323
In base 13, what is 25 + -312?
-2ba
In base 9, what is -1 - 75?
-76
In base 7, what is -1 - -323?
322
In base 14, what is 14 - 3?
11
In base 12, what is -3 - 776?
-779
In base 12, what is -3b1 - 17?
-408
In base 12, what is 4 + 15?
19
In base 12, what is 3 - 1754?
-1751
In base 5, what is -30 + -1043?
-1123
In base 5, what is -1 + 103?
102
In base 7, what is 4304 - 12?
4262
In base 15, what is -2bd1 + 1?
-2bd0
In base 9, what is 3 - 2633?
-2630
In base 5, what is -13 - -203?
140
In base 11, what is 3 - 149?
-146
In base 3, what is -1021101 - 11?
-1021112
In base 8, what is -1 - 1207?
-1210
In base 10, what is -1 + -250?
-251
In base 11, what is aa - -35?
134
In base 9, what is 23 + 10?
33
In base 16, what is -c7 - 9?
-d0
In base 5, what is -13032 + -2?
-13034
In base 2, what is 11010111111000 - 1?
11010111110111
In base 7, what is 2 + 1660?
1662
In base 2, what is -1001101100 - -100?
-1001101000
In base 12, what is 6 - -736?
740
In base 3, what is -2 - 1001?
-1010
In base 13, what is -2 + -318?
-31a
In base 6, what is 1 + -45?
-44
In base 9, what is -11 - 1181?
-1202
In base 13, what is -4 - -32?
2b
In base 2, what is -11000111010 - 0?
-11000111010
In base 16, what is 4 + -1f2?
-1ee
In base 11, what is 7 + 25a?
266
In base 8, what is 1150 - -15?
1165
In base 11, what is 19 + 234?
252
In base 14, what is -1 + c8?
c7
In base 10, what is -10 - 699?
-709
In base 13, what is 1 - -41?
42
In base 12, what is -2 - -346?
344
In base 4, what is 22233 - 10?
22223
In base 9, what is -57 + -2?
-60
In base 15, what is 27b - 0?
27b
In base 15, what is 17 + 1?
18
In base 3, what is 11 - -2121010?
2121021
In base 15, what is -d78 + 4?
-d74
In base 12, what is 11 + -182?
-171
In base 13, what is -b9 + -6?
-c2
In base 2, what is -1 + -10100100?
-10100101
In base 12, what is -1 - 96a?
-96b
In base 9, what is -42 + 17?
-24
In base 5, what is -120 - -42?
-23
In base 8, what is -3 - 341?
-344
In base 12, what is 82 + 1?
83
In base 4, what is 231 + 30?
321
In base 16, what is -6a - c1?
-12b
In base 3, what is 11 + 1010?
1021
In base 4, what is 20 + 3233?
3313
In base 5, what is 23134 - -22?
23211
In base 10, what is 0 - 4895?
-4895
In base 14, what is -4 - 193?
-197
In base 5, what is -10 - -23?
13
In base 16, what is 42 + -9?
39
In base 3, what is 1 - 1120?
-1112
In base 11, what is -71 + -3?
-74
In base 15, what is 1d6 + -3?
1d3
In base 7, what is 3 - 24?
-21
In base 6, what is 44 - 112?
-24
In base 9, what is 6 - -8?
15
In base 6, what is 54 - 51?
3
In base 14, what is 5 - 8a?
-85
In base 9, what is 230 - -3?
233
In base 5, what is 0 - 1213?
-1213
In base 11, what is 3487 + -1?
3486
In base 15, what is -a - 2?
-c
In base 14, what is 48 - -3?
4b
In base 8, what is -2240 + -5?
-2245
In base 13, what is 51 + 83?
104
In base 12, what is 3 + 1223?
1226
In base 4, what is 3 - 21113?
-21110
In base 8, what is 2 - -5364?
5366
In base 11, what is 61 - 2?
5a
In base 14, what is 0 + ab?
ab
In base 2, what is -10 - -111001110?
111001100
In base 13, what is -1 - 9?
-a
In base 9, what is 33816 - 3?
33813
In base 4, what is -122 + -3202?
-3330
In bas